 v*q - 80. What is the tens digit of q?
2
Let p = 62 + -4. What is the units digit of p?
8
Suppose -4*p = -0*u - 3*u - 1614, 0 = 5*p - u - 2023. What is the hundreds digit of p?
4
Let y be (1152/54)/((-16)/(-6) - 2). Suppose 27*k = y*k - 260. What is the units digit of k?
2
Suppose 6640 = -0*q + 10*q. What is the hundreds digit of q?
6
Let h(r) = -2*r + 2. Let w be h(1). Suppose n = -w*n. Suppose 2*j + j - 42 = n. What is the tens digit of j?
1
Let g(u) = -u - 3. Let s be g(9). What is the units digit of -6*s/16*2?
9
Let m(b) = b**3 - 13*b**2 + 3*b - 20. Let l be m(12). Let t = -68 - l. What is the tens digit of t?
6
Let y(k) = 12*k**3 + k**2 + 3*k + 3. Let a be y(-1). Let t be (-299)/9 - 4/(-18). Let w = a - t. What is the tens digit of w?
2
Let r(t) = 8*t**3 - 15*t**2 - 29*t + 18. What is the thousands digit of r(8)?
2
Suppose 2*r = -q + 341, 8 = 5*q + 3. What is the tens digit of r?
7
Let j(m) = -167*m - 511. What is the units digit of j(-27)?
8
Suppose -3*a + 15 = -2*a + 5*c, -7 = -3*a + 4*c. Suppose f = a*m - 547, -2*f - f = -m + 101. What is the units digit of m?
0
Suppose 2*i - i - 2 = 0. Suppose i = -v + 6. Suppose -v*d + d + 57 = 0. What is the tens digit of d?
1
Let c = -7 - -14. Let u = 7 + -14. What is the units digit of 2/u + 58/c?
8
Let y(t) = -14*t - 9 - 4*t**2 - 7*t**2 - t**3 + 3*t. Let o be y(-10). What is the units digit of 5*o*(-12)/(-5)?
2
Let z(p) = -9*p + 632. What is the hundreds digit of z(19)?
4
Suppose 4*v + 52 = -0*v. Let w(q) = -5*q. What is the units digit of w(v)?
5
Let o(x) = -x**3 - 14*x**2 + 14*x - 12. Let f be o(-15). Suppose 0 = -f*w + 106 + 134. Suppose -2*i + w = -2*r, 2*r + 76 = 2*i - r. What is the tens digit of i?
4
Let j be 32/112 - 1466/(-14). Let r = j - 63. What is the tens digit of r?
4
Let h be ((-1)/(-2))/((-8)/(-48)). Suppose -8*x + h*x = -670. Let k = x - 81. What is the units digit of k?
3
Let u(r) be the second derivative of -6*r**2 - 9*r + 11/6*r**3 + 1/20*r**5 + 0 - 3/4*r**4. What is the units digit of u(8)?
2
Let g = 184 + 292. What is the hundreds digit of g?
4
Let i be (-1)/((-2)/18)*3/9. Suppose 0 = -i*m, -5*o - 5*m - 163 = -458. What is the units digit of o?
9
Let b(v) be the third derivative of 4*v**4/3 - v**3/2 + 3*v**2. What is the tens digit of b(1)?
2
Let g be -4 + (4 - (18 - -2)). Let h be (g/6 + 3)*-3. Suppose -40 = -u - h. What is the tens digit of u?
3
Let b be -1 + 1 + 24/8. Suppose 0 = -7*y + 3*y, -32 = 4*i + b*y. Let m = 9 + i. What is the units digit of m?
1
Suppose l = -2*o - 4, 4*o = -2*l + l - 4. Let r = -14 + 49. Suppose 4*q - r - 49 = o. What is the tens digit of q?
2
Suppose 5*o - 4*o - 14 = -5*k, -4*o + 32 = -4*k. Let n be o/(-2)*(-32)/24. Suppose -j = 5*m - 156, -n*m - 3*j = -2*m - 116. What is the units digit of m?
2
Suppose -59*i = -52*i - 2275. What is the hundreds digit of i?
3
Let p = 400 - 305. What is the units digit of p?
5
Suppose 10 = 3*a + 4. Suppose 32 = -3*b + 2*b - a*q, -5*b = -4*q + 146. Let v = b + 71. What is the tens digit of v?
4
Suppose 0 = -2*l + 3*y + 15, 5*y + 11 = -4. Suppose -594 = -l*z - 3*a, 4*z - 2*a - 785 = a. What is the units digit of z?
7
What is the tens digit of 289 - (9 - 2 - 3)?
8
Let c(w) = w - 3*w - 12 + 3. Let u be c(-7). Suppose 75 = u*f - 0*f. What is the units digit of f?
5
Let x = 75 + 10. Suppose 0 = y - x + 6. What is the units digit of y?
9
Suppose -2*s - 246 - 66 = 0. Let l(m) = -m**3 - 15*m**2 + 18*m + 34. Let w be l(-16). What is the units digit of ((-1)/w)/(13/s)?
6
Suppose 2*j + 24 = 4*d, 3*d + 6 = 4*d - 5*j. Suppose d*n = 7*n - 57. What is the tens digit of n?
5
Let v be (-29)/1 - (-2 - -2). Let u = 50 + v. What is the units digit of u?
1
Let f(q) = 3*q**2 + 4*q + 6. Let m = -4 + -1. What is the units digit of f(m)?
1
Let b(n) = 6*n + 551. What is the hundreds digit of b(0)?
5
Let h be 2/(-1 + -1) - -18. Suppose -i + h = -62. What is the units digit of i?
9
Let n be -5*(0 + 3)/3. Let d(h) = 3*h + 25. What is the units digit of d(n)?
0
What is the units digit of (-1055)/(-30)*-4*-3?
2
Suppose 2*i - 1002 = -i. Suppose -2*b + 516 = 5*c, i = 3*c - 5*b + 12. What is the units digit of c?
4
Let p(o) be the second derivative of 1/12*o**4 - 2*o**2 - 3*o + 1/6*o**3 + 0. What is the units digit of p(3)?
8
Let b(u) = -u**2 + 6*u + 4. Let z be b(5). What is the tens digit of (78/1)/(z/6)?
5
Suppose -7*q = -5032 + 321. What is the units digit of q?
3
Suppose 1416 = 5*b + 4*k, -3*k = 8 - 20. What is the hundreds digit of b?
2
What is the units digit of 1 - 4/(-4 - 0) - -889?
1
Let k(z) = z**2 + 1. Let o be k(2). What is the units digit of (-814)/(-5) - o/(-25)?
3
Suppose 0 = 47*z - 64*z + 16388. What is the hundreds digit of z?
9
Let m(r) = -r**3 + 30*r**2 + 60*r - 6. What is the thousands digit of m(22)?
5
What is the units digit of (-2)/23 - 3701580/(-2185)?
4
Let i = 10 + -11. Let h(t) = 3*t**2. Let p be h(i). What is the tens digit of 12 - (p + -5 - -1)?
1
Let t(x) = -3*x**3 + 11*x**2 + x - 14. What is the tens digit of t(-7)?
4
Let c(b) = 52*b**2 - 4*b + 3. Let s be c(1). Let k(l) = 4*l - 5. Let o be k(8). Let p = s - o. What is the tens digit of p?
2
What is the tens digit of ((-16)/(-6)*-3)/((-4)/142)?
8
Suppose -5*n - 2*m + 12 = 0, -2*m - 20 = -n - 2*n. Suppose 2*o = 2*t + 112, 6 - 56 = -o + n*t. What is the tens digit of o?
5
Let g = -8 + 7. Let s = 8 + g. Suppose 0*m = -s*m + 210. What is the units digit of m?
0
What is the tens digit of (16 + -21)*(-1 - -2) - -654?
4
Suppose 0 = -4*u + u + 6. Suppose 3 = u*k - 39. Let v = -19 + k. What is the units digit of v?
2
Suppose -21*x = 40*x - 40931. What is the tens digit of x?
7
Let r(w) = 9*w - 1. Let s(t) be the first derivative of 23*t**2 - 6*t - 6. Let b(j) = 11*r(j) - 2*s(j). What is the units digit of b(4)?
9
Let c(z) = 29*z**2 + 2*z + 5. What is the tens digit of c(-5)?
2
Suppose g - 15 = 4. Suppose -g*o = -15*o - 300. What is the tens digit of o?
7
Let h = 33 - 52. Suppose -85 = -3*m + 4*q, -2*m = m - 2*q - 77. Let g = m + h. What is the units digit of g?
4
Suppose -2*x = -4*b + 5*b + 6, -4*b + 24 = -4*x. Suppose 6 = -2*o - b*d - 4, -4*o = -2*d - 10. Suppose o*r = -r + 67. What is the units digit of r?
7
Suppose -6*u + 1115 = -163. Let q = u + -124. What is the units digit of q?
9
Suppose -j + 38 = 4*r, -120*r + 189 = 3*j - 123*r. What is the tens digit of j?
5
Let y(d) = -5*d**2 + d - 1. Suppose 0*a + 2 = -a. Let f be y(a). Let h = f + 69. What is the units digit of h?
6
Let z be 16/10*(-5)/(-2). Let d be 0/z + (2 - -54). Suppose -5*u = 2*f - 50, 5*f - d - 46 = -u. What is the tens digit of f?
2
Let j(v) = -v**3 - 4*v**2 + 4*v - 5. Let r be j(-5). Suppose -4*b - 4*g = -68, r = 3*b + 5*g - 18 - 31. What is the units digit of b?
8
Let r be (-2 - -31) + -1 + -1. Suppose 0*z - 3*z + 2*x + 23 = 0, r = 2*z + x. Suppose -f - 4*f - 2*n + 22 = 0, -4*f + 5*n + z = 0. What is the units digit of f?
4
Suppose 8*y + 92 = -76. Let x = 31 - y. What is the units digit of x?
2
Suppose -4*x - 8 = 0, 3*x - 6*x = -2*n + 18. Let k(u) = 9*u + 6. What is the tens digit of k(n)?
6
Suppose -3*z = -3 - 9. Suppose 0 = -4*v + z + 4. Suppose 0 = -2*x - v*x + 80. What is the units digit of x?
0
Let l(y) = -y**2 + 5*y - 10. Let i be l(5). Let s = -17 - -8. Let p = s - i. What is the units digit of p?
1
Let f(x) = 4*x + 175. Let o be f(0). Suppose 54*y - 59*y = -o. What is the tens digit of y?
3
Suppose -10*n + 11*n = 905. What is the units digit of n?
5
Let q be 8/1*6*3/24. What is the units digit of (-3)/(q + -4 - 3)?
3
Let f(m) = m**3 - m**2 - 4*m - 1. Let o(l) = -2*l - 7. Let b be o(-5). Let w be f(b). Suppose 0 = -w*x + 211 - 31. What is the units digit of x?
6
Let s = 676 + -142. What is the hundreds digit of s?
5
Let v be (-4)/(-18) - (-237)/27. What is the units digit of (v + 0)*84/7?
8
Let c(f) = f**2 - 8*f - 5. Let y be c(9). Suppose -y*d + 130 = -3*d. Suppose 8*m = 10*m - d. What is the tens digit of m?
6
Suppose -358 = -5*u + 287. What is the units digit of u?
9
What is the hundreds digit of (((-2104)/(-12))/(-2))/((-12)/72)?
5
Let m be 3/5 + 1404/60. Let j be (m/(-18))/(6/(-297)). Suppose 15*v = 13*v + j. What is the units digit of v?
3
Suppose -2*w + 8 = -4*j - 0*j, 2*j = -w. Suppose w*o = 2, -2*q - o = -q + 14. What is the tens digit of 4/(-1*2/q)?
3
Suppose -356 = -4*j + g - 5*